
2, 5, 937
List the prime factors of 69347.
31, 2237
List the prime factors of 7904142.
2, 3, 97, 503
What are the prime factors of 22093494?
2, 3, 59, 139, 449
List the prime factors of 161569.
161569
List the prime factors of 1535471.
7, 219353
List the prime factors of 6271672.
2, 11, 19, 31
What are the prime factors of 9667219?
19, 61, 439
List the prime factors of 1148779.
41, 28019
What are the prime factors of 9316495?
5, 23, 81013
List the prime factors of 1428873.
3, 79, 6029
List the prime factors of 5552788.
2, 19, 73063
What are the prime factors of 194396?
2, 23, 2113
List the prime factors of 492708.
2, 3, 19, 2161
What are the prime factors of 14200536?
2, 3, 7, 181, 467
What are the prime factors of 1800261?
3, 200029
What are the prime factors of 275690?
2, 5, 19, 1451
List the prime factors of 779673.
3, 293, 887
List the prime factors of 669300.
2, 3, 5, 23, 97
List the prime factors of 153583.
383, 401
List the prime factors of 331719.
3, 110573
What are the prime factors of 1031340?
2, 3, 5, 17189
What are the prime factors of 5349993?
3, 11, 223, 727
List the prime factors of 154677.
3, 47, 1097
What are the prime factors of 17959555?
5, 29, 4271
What are the prime factors of 46905?
3, 5, 53, 59
What are the prime factors of 48652?
2, 12163
List the prime factors of 344946.
2, 3, 7, 43, 191
List the prime factors of 1907162.
2, 17, 56093
List the prime factors of 6170501.
6170501
What are the prime factors of 1011380?
2, 5, 61, 829
List the prime factors of 5010746.
2, 13, 439
What are the prime factors of 487933?
487933
What are the prime factors of 799587?
3, 88843
What are the prime factors of 271763?
359, 757
List the prime factors of 1276705.
5, 19, 89, 151
What are the prime factors of 2096079?
3, 491, 1423
List the prime factors of 3712891.
7, 13, 40801
List the prime factors of 27933952.
2, 19, 5743
What are the prime factors of 23260?
2, 5, 1163
What are the prime factors of 949611?
3, 13, 1873
What are the prime factors of 2543599?
41, 62039
What are the prime factors of 7272805?
5, 43, 33827
List the prime factors of 87722.
2, 23, 1907
List the prime factors of 2352421.
127, 18523
What are the prime factors of 93525?
3, 5, 29, 43
List the prime factors of 232486.
2, 116243
What are the prime factors of 319938?
2, 3, 53323
What are the prime factors of 1024960?
2, 5, 3203
List the prime factors of 511364.
2, 7, 2609
List the prime factors of 2614581.
3, 290509
What are the prime factors of 983408?
2, 61463
List the prime factors of 258106.
2, 23, 31, 181
What are the prime factors of 1039752?
2, 3, 7, 2063
List the prime factors of 1186541.
1186541
What are the prime factors of 23418841?
23418841
What are the prime factors of 1348216?
2, 168527
List the prime factors of 195239.
11, 17749
List the prime factors of 76955.
5, 15391
What are the prime factors of 181322?
2, 17, 5333
List the prime factors of 608352.
2, 3, 6337
What are the prime factors of 75234?
2, 3, 12539
What are the prime factors of 887255?
5, 29, 211
List the prime factors of 6024169.
6024169
What are the prime factors of 4648349?
4648349
List the prime factors of 363883.
13, 23, 1217
What are the prime factors of 358623?
3, 39847
What are the prime factors of 5744300?
2, 5, 17, 31, 109
List the prime factors of 1171592.
2, 146449
What are the prime factors of 803314?
2, 89, 4513
What are the prime factors of 8150091?
3, 43, 63179
List the prime factors of 20583675.
3, 5, 7, 1867
What are the prime factors of 4742573?
11, 29, 14867
List the prime factors of 8853151.
8853151
What are the prime factors of 14018558?
2, 7009279
What are the prime factors of 603650?
2, 5, 12073
What are the prime factors of 8652302?
2, 37, 116923
What are the prime factors of 19311?
3, 41, 157
List the prime factors of 9059013.
3, 335519
What are the prime factors of 358301?
358301
List the prime factors of 6301909.
79, 241, 331
List the prime factors of 101438.
2, 67, 757
What are the prime factors of 190812?
2, 3, 15901
What are the prime factors of 13360303?
11, 1214573
List the prime factors of 4909637.
4909637
What are the prime factors of 2040901?
17, 271, 443
What are the prime factors of 4135527?
3, 11, 37, 1129
List the prime factors of 1223172.
2, 3, 61, 557
List the prime factors of 27639.
3, 37, 83
What are the prime factors of 228067?
7, 31, 1051
What are the prime factors of 3140296?
2, 173, 2269
What are the prime factors of 954517?
954517
What are the prime factors of 15979610?
2, 5, 1597961
What are the prime factors of 5781655?
5, 11, 31, 3391
What are the prime factors of 32704716?
2, 3, 11, 41, 6043
What are the prime factors of 237316?
2, 79, 751
What are the prime factors of 5883382?
2, 2941691
List the prime factors of 961426.
2, 480713
What are the prime factors of 930674?
2, 465337
List the prime factors of 23630307.
3, 7876769
List the prime factors of 5446301.
7, 111149
What are the prime factors of 4971394?
2, 37, 67181
List the prime factors of 2210417.
11, 37, 5431
List the prime factors of 27773.
27773
What are the prime factors of 232277?
23, 10099
List the prime factors of 2388492.
2, 3, 66347
What are the prime factors of 17271?
3, 19, 101
What are the prime factors of 18710886?
2, 3, 3118481
List the prime factors of 172114.
2, 47, 1831
What are the prime factors of 912?
2, 3, 19
List the prime factors of 3229742.
2, 1614871
What are the prime factors of 26901112?
2, 7, 19, 131, 193
List the prime factors of 26409298.
2, 13204649
What are the prime factors of 14613?
3, 4871
List the prime factors of 265818.
2, 3, 7, 6329
What are the prime factors of 484446?
2, 3, 263, 307
List the prime factors of 104574.
2, 3, 29, 601
List the prime factors of 1991737.
11, 17, 10651
List the prime factors of 14216593.
89, 159737
What are the prime factors of 650088?
2, 3, 9029
List the prime factors of 1468314.
2, 3, 27191
What are the prime factors of 42033485?
5, 13, 646669
What are the prime factors of 538335?
3, 5, 7, 1709
What are the prime factors of 11082777?
3, 43, 53, 1621
List the prime factors of 418984.
2, 83, 631
List the prime factors of 797043.
3, 13, 107, 191
What are the prime factors of 263258?
2, 23, 59, 97
List the prime factors of 2233237.
137, 16301
What are the prime factors of 4168014?
2, 3, 23, 30203
What are the prime factors of 1543551?
3, 83, 6199
List the prime factors of 1554590.
2, 5, 83, 1873
What are the prime factors of 218250?
2, 3, 5, 97
What are the prime factors of 17078539?
17078539
List the prime factors of 175855.
5, 35171
What are the prime factors of 194579?
7, 11, 19
What are the prime factors of 1199417?
1199417
What are the prime factors of 143285?
5, 28657
List the prime factors of 51687.
3, 5743
List the prime factors of 1356906.
2, 3, 17, 53, 251
List the prime factors of 62119.
62119
List the prime factors of 95940.
2, 3, 5, 13, 41
What are the prime factors of 4662278?
2, 2331139
List the prime factors of 5249194.
2, 769, 3413
List the prime factors of 287528.
2, 127, 283
List the prime factors of 103225.
5, 4129
What are the prime factors of 4603758?
2, 3, 767293
What are the prime factors of 310842?
2, 3, 7, 2467
What are the prime factors of 495457?
495457
What are the prime factors of 685684?
2, 37, 41, 113
List the prime factors of 26065.
5, 13, 401
What are the prime factors of 27573983?
17, 29, 55931
List the prime factors of 25654085.
5, 19, 23, 59, 199
What are the prime factors of 109343?
13, 647
List the prime factors of 110501.
110501
List the prime factors of 2575472.
2, 160967
List the prime factors of 1522513.
37, 41149
List the prime factors of 8465475.
3, 5, 41, 2753
What are the prime factors of 409176?
2, 3, 5683
List the prime factors of 1388744.
2, 7, 24799
What are the prime factors of 463203?
3, 13, 37, 107
List the prime factors of 97363.
7, 1987
List the prime factors of 128310.
2, 3, 5, 7, 13, 47
List the prime factors of 2249606.
2, 1124803
What are the prime factors of 260591?
37, 7043
What are the prime factors of 55739?
139, 401
What are the prime factors of 18111487?
18111487
List the prime factors of 488143.
488143
What are the prime factors of 583112?
2, 72889
List the prime factors of 3555804.
2, 3, 7, 42331
List the prime factors of 2905748.
2, 739, 983
Wh